culate -11 + 12 + -1 + -3 - 2.
-5
Calculate 47 + -18 - (5 - -1 - (59 - 62)).
20
What is (-8 - -27) + (-15 - -3)?
7
Evaluate (5 - 1 - (18 + -11)) + -8.
-11
What is the value of -36 - (-47 - (-10 - 14))?
-13
Evaluate -18 + (7 - -4) - -22.
15
What is the value of 37 - (10 - (1 - 33))?
-5
What is the value of -26 - -24 - (1 + 8)?
-11
-27 - (18 - (29 - -41))
25
4 - (-12 + 5 + 0)
11
-4 + 11 + -59 + 15
-37
What is the value of (-9 - 11 - -3 - -19) + -22?
-20
What is the value of -2 - (-1 + 1 + 2 - (70 - 53))?
13
What is 45 + -44 - (-3 - -2) - -5 - 7?
0
What is the value of (-4 + (0 - (-16 + 8)) - 6) + 2?
0
What is -139 + 136 - (-3 + 2 - -10) - 4?
-16
37 - ((-2 - -5) + 12)
22
What is -142 + 81 + 77 - (-2 + -1)?
19
What is the value of 16 + -1 + (-193 - -185)?
7
Evaluate 28 + -37 - (-7 - 16).
14
Evaluate 16 + 1 - (-7 + (4 - 4)).
24
Calculate 1 - (-1 + (-1 - ((2 - 1) + -5))).
-1
What is -16 - (9 + (18 - 40))?
-3
Evaluate (4 - 2) + -23 + 21.
0
What is 50 - 47 - (0 + 11)?
-8
What is the value of -25 + (5 - -6 - -8)?
-6
Calculate -9 + (-3 - (14 - 38)).
12
15 + -9 - (-3 - -8)
1
10 - (39 + (-40 - -32))
-21
What is 9 + (-6 + 2 + 7 - 1) - 1?
10
What is -10 - (-3 + -9 + 12)?
-10
What is the value of (-40 - -35) + 2 + -4?
-7
Evaluate (5 + (0 - 4) - -6) + -12.
-5
Calculate (-21 - 4) + 14 + -4 + -1.
-16
What is the value of -6 + 16 + -18 - -14?
6
Evaluate 13 + -9 + (-2 + 1 - -3).
6
Evaluate (3 - 0) + 0 + -451 + 421.
-27
What is (-32 + 18 + 25 - 4) + 3 + 1?
11
What is 38 + -51 + 2 - (2 + -47)?
34
Calculate 3 + (10 - 1) + (-35 - -30).
7
Calculate 8 - 1 - -9 - (8 + -17 - -10).
15
What is the value of (0 - 2 - (8 + -14)) + 1?
5
Evaluate (5 - (-8 + 2) - -1) + 0 + 6.
18
Evaluate (998 - 965) + -34 + 0.
-1
-43 - (-25 + 2 + 2)
-22
Evaluate (10 - 7) + 4 + (-1 - 0).
6
867 - 858 - (1 - 16)
24
What is (44 - -1) + (78 - 100)?
23
What is the value of (249 - 268) + 13 + 0 + -3 + 13?
4
What is 12 + -1 + (32 - -1 - 26)?
18
Evaluate (-177 - -177) + 0 + -8.
-8
(1 - (2 - -1)) + -13 + (10 - 15)
-20
Evaluate -8 + (-8 - (-6 + -7 + 0)).
-3
What is (-16 - -2) + 20 + -18 + 17?
5
-6 + -13 + 6 + -13 - (-22 + 14)
-18
Evaluate 16 + 4 + -5 + -4 - 7.
4
Calculate -34 + 9 + (15 - 2).
-12
What is the value of 21 + -1 - (58 + -27)?
-11
(11 + -5 - -2) + -9 + (13 - 1)
11
Evaluate -13 - (12 - ((-5 - -8) + 2)).
-20
Evaluate -11 - (-19 + 13) - 6.
-11
Calculate -75 + 67 - (-4 + -1) - 1.
-4
What is the value of -16 + (-5 - 3 - -15 - -1)?
-8
-1 + 4 + -16 + 18
5
-3 + -14 + 8 + -12 - (-7 + -2)
-12
What is the value of 1 + -1 + 11 + (4 - 3) + -2?
10
What is the value of -3 + 3 + (8 - 13 - -2) + -3?
-6
Calculate -4 + 1 + (14 - 7).
4
Calculate -1 + 8 + -1 + -14 + 12.
4
What is the value of -16 - 1 - (16 - (-31 - -31))?
-33
What is the value of 29 - ((-3 - -5) + 18 + -12 - 1)?
22
1 - (-4 + -1 + 13 - 1)
-6
What is -4 + (-7 - -7 - (-3 - 3))?
2
Evaluate -23 + -4 - (-17 + 15 + -5 + -5).
-15
(2 - 3) + 8 + (11 + -19 - -5)
4
What is the value of 3 + -10 - (23 + -16)?
-14
(18 - ((-6 - -13) + 7)) + -21
-17
Evaluate -4 + (-4 - -13) + -4 + -1 + -3.
-3
Evaluate 6 - -2 - ((-1 - (4 + -6)) + 1).
6
What is the value of 6 - (-12 + (-18 - -18))?
18
Calculate 16 + -13 + 2 + 3.
8
Calculate 7 - ((-8 - -4) + 1 - -11).
-1
What is the value of -1 - (-1 - (2 - (-7 - -3)))?
6
Calculate -14 + 25 - (5 - -9) - (-6 + -1).
4
Evaluate -23 + (38 - -21) + -9.
27
Evaluate (21 - -5) + -4 - (1 - 3).
24
Calculate (-1 - -3) + -13 + -7 + 15 - 25.
-28
-14 - (1 + (-66 - -29))
22
What is the value of -25 + -6 + (11 - 3) + (-3 - -9)?
-17
What is the value of -5 + (0 - -2) - (12 - (-9 - -16))?
-8
What is the value of -1 - -3 - (309 - 316)?
9
(-4 - (-10 - 2) - 3) + (3 - 0)
8
What is (46 - (94 + -11)) + 0 + 18?
-19
What is the value of (14 - 19) + (-2 - 0) - -17?
10
What is 12 + -9 + (25 + -9 - 9)?
10
23 + -18 + (0 - -9) - 12
2
Evaluate 4 - (3 - 7 - -9) - -3.
2
Calculate (27 - 32) + (2 - 1 - (13 + 0)).
-17
Calculate 3 - 0 - (-59 + 68).
-6
Evaluate -2 + (28 - 44) + 4 + -4 + 0.
-18
What is the value of 134 - 123 - (-3 - -22)?
-8
What is -44 + 33 + -16 - -41?
14
What is 0 - ((12 - -4) + (-1 - 26))?
11
Calculate -6 + 2 - -7 - 9.
-6
Evaluate -8 + 4 + 9 + -10 - -4.
-1
What is 0 + 18 + (-5 - 10) + -17?
-14
What is the value of 21 - (23 + -19 + 11) - (-35 + -1)?
42
What is -3 - (201 - 193 - ((27 - -1) + 2))?
19
Evaluate -2 - (0 + 8 + -7) - (0 + -6).
3
5 + 32 + -7 + -47
-17
What is the value of -7 - 3 - (36 - (40 + -1))?
-7
Calculate -36 + 33 - (-4 + (-3 - -3) - 1).
2
Calculate 1 + (-33 + 35 - (-2 - 2)) - -11.
18
What is the value of -2 + (2 + -11 + 3 - -14)?
6
Calculate -29 - -6 - -20 - (-1 + 1 - -15).
-18
What is the value of 12 + -14 - (-5 + 2 - -4)?
-3
What is the value of (7 - 1) + (2 + -13 - -16) + -35?
-24
What is 51 + -85 - ((3 + -4 - 12) + 4)?
-25
What is -12 + 3 + 8 - -5 - (0 - -15)?
-11
What is the value of (80 - 84) + (2 - (1 + 0)) - 3?
-6
Evaluate -3 - (1 - (-11 + 7)) - (-11 - -4).
-1
Evaluate (11 - -1) + -5 - (-9 + 17).
-1
Calculate 1 + -2 + 51 + -43 + 8.
15
7 + 2 + 15 + -3 + -33
-12
Calculate -34 - (-51 - -20 - -15).
-18
Calculate -7 + (6 - -18) + -10.
7
Evaluate -8 - (2 + -2 - -3).
-11
Calculate -20 + -8 + 39 - 19.
-8
Evaluate 11 + (9 - 22) + 1.
-1
Evaluate -12 - (-5 - (8 + -8 + 1 + -1)).
-7
What is the value of 14 + 1 + (5 - (24 - 12))?
8
Evaluate 7 - (9 + 12 + -5).
-9
Calculate (0 - 10) + (13 - 5) - -23 - -3.
24
Calculate -4 + 1 + (29 - (12 + 20 + -8)).
2
What is the value of -2 + (2 - 2) - (-13 + 19 - 16)?
8
Evaluate (-1859 - -1863) + (7 - 0 - 0).
11
What is the value of -4 + (7 - 12) + -5?
-14
Calculate (16 - 9) + 11 + (-6 - (1 + -1)).
12
(-1 - 19) + (8 - -13) + -12
-11
What is -39 - (-16 + -26) - -28?
31
Calculate -2 + -37 + 30 + -9 + -4.
-22
12 + -2 - (74 + -80)
16
Evaluate -4 - (-6 + 22 + 4 + -15).
-9
What is 12 + 1 + (11 - (7 - (0 - -5)))?
22
Calculate (-2 - 26) + 22 - (-14 + 1).
7
Evaluate (-1 - 11) + 3451 + -3445.
-6
What is the value of 35 - ((74 + -68 - (2 + -8)) + -6)?
29
What is 19 - (-9 + 23 + -9 - 1)?
15
What is (9 - -17) + -15 - (31 - -4)?
-24
-1 + (0 - -6) + -4 + -14
-13
Calculate -21 - ((-20 - 6) + 18).
-13
What is 27 + (-4 + 25 - 28)?
20
1 - 11 - (-28 + 22 + 6)
-10
What is the value of 28 + -28 + -23 + 21?
-2
Calculate (2 - (8 - 0)) + (-23 - -8).
-21
Evaluate 7 + 7 + -15 + -7 + (0 - -5).
-3
What is the value of (1 - (-13 + 0)) + (-52 - -26) + 20?
8
15 + (7 - -19) + -43
-2
What is the value of -8 + (32 - (-12 - -25))?
11
What is -4 + (-2 - (-4 + 3 + 4)) + 7?
-2
Calculate 23 + -18 - 29 - -23.
-1
What is the value of (-2 - (-10 + 5)) + (-5 - 8)?
-10
What is 16 + (10 - (35 + 21))?
-30
What is -39 - (-57 - (-34 + 19))?
3
Evaluate -1 + -1 + 0 + 1 + 11.
10
Calculate -4 + -22 - (-203 - -163).
14
What is the value of (11 + -1 - 10) + -16?
-16
Calculate -10 - (1 + -10 + (103 - 96)).
-8
Evaluate -41 - -48 - (-3 - -4) - -3.
9
Calculate (-22 + -1 - -18) + (12 - 1).
6
-4 + (-13 + (12 + -2 - 3) - -2)
-8
3 + -6 + 8 - 6 - 2
-3
Calculate 4 - (-4 - (-8 - 1)) - -6 - -4.
9
What is the value of -406 - -415 - (22 - 1)?
-12
Evaluate 67 - 74 - (-4 - 31).
28
Calculate 17 + (-4 - (-5 + -17 - -9)).
26
-1 + (-6 - (-12 + 6) - -3) + 17
19
What is (-15 + -1 - -50 - 14) + -45?
-25
-11 - -2 - (-107 + 109) - -16
5
What is the value of (-27 - -16) + -1 + 6 + 0?
-6
Calculate 36 + -30 + -29 + 0.
-23
Calculate -2 - (10 - (10 + 2)) - -22.
22
Calculate (-2 - (-3 + -1) - 5) + (-8 - -17).
6
Calculate -12 - -4 - 13 - -10.
-11
What is 7 - -1 - (0 + (-5 - -9)) - -13?
17
Calculate 54 + 3 + -28 + (-1 - -2) - 6.
24
Calculate (8 - 2) + -40 + (-23 - -31).
-26
(-8 - (-20 - (-11 + 3))) + 3
7
-4 + -2 - -4 - (22 + (-12 - 21))
9
What is the value of 12 - (-23 + (22 - -1)) - (-1 - 13)?
26
0 + 2 + (7 - 3) - (0 + 11)
-5
(-36 - -13 - -11) + 15
3
What is the value of -6 + -11 + -5 - (-24 - -22)?
-20
What is the value of 40 + -41 - (4 - 0 - (13 + 4))?
12
Evaluate (33 - -1) + 315 + -372.
-23
What is 2 + (12 - -2 - -6) + 13 + -17?
18
Calculate -12 - -15 - (20 - 3).
-14
Evaluate -2 - (-2 - (12 - 14)).
-2
What is -92 + 97 + (-1 - (-5 - -4))?
5
What is the value of 11 + -2 + (7 + 12 - 16)?
12
What is the value of 0 - ((16 - 17) + 2 + (4 - 17))?
12
Evaluate -2 + -5 - -2 - (-99 + 101).
-7
What is -27 - ((9 - -8) + -26 - 6)?
-12
What is the value of -8 + -18 - ((-4 - -4) + 1 - -1)?
-28
Calculate 5